{"id":3835,"date":"2024-09-01T18:38:06","date_gmt":"2024-09-01T18:38:06","guid":{"rendered":"https:\/\/flori-kopiersysteme.de\/?post_type=product&#038;p=3835"},"modified":"2024-09-18T08:35:52","modified_gmt":"2024-09-18T08:35:52","slug":"utax-2507ci","status":"publish","type":"product","link":"https:\/\/flori-kopiersysteme.de\/?product=utax-2507ci","title":{"rendered":"UTAX 2507ci"},"content":{"rendered":"<div class=\"mmt-custom-content col-sm-12 mmt-table-custom-parent col-lg-12\">\n<p>Das DIN-A3-Farb-Multifunktionssystem 2507ci besticht durch hohe Sicherheitsstandards, Zuverl\u00e4ssigkeit und umfassende Funktionalit\u00e4t.<\/p>\n<p>Ein besonderes Highlight ist der Dual-Scanner mit Ultraschallsensor zur Mehrfacheinzugserkennung. Dieser verhindert nicht nur den Mehrfacheinzug von Originalen, sondern erm\u00f6glicht auch das Einscannen und Digitalisieren von Dokumenten mit h\u00f6herer Geschwindigkeit.<\/p>\n<p>Das gro\u00dfe Farb-Touch-Display sorgt f\u00fcr eine intuitive Bedienung, sodass Sie Ihre Aufgaben m\u00fchelos und effizient erledigen k\u00f6nnen. Dokumente k\u00f6nnen mit bis zu 180 Bildseiten pro Minute (300 dpi in Schwarzwei\u00df und Farbe) digitalisiert und entspannt eingescannt werden.<\/p>\n<p>Die Systeme verarbeiten eine breite Palette von Formaten (von DIN A6R bis SRA3) und Papiergrammaturen (52-300 g\/m\u00b2) und bieten zudem vielf\u00e4ltige Endverarbeitungsm\u00f6glichkeiten.<br \/>\nErleben Sie, wie das DIN-A3-Farb-Multifunktionssystem 2507ci Ihren Arbeitsalltag sicherer und effizienter gestaltet.<\/p>\n<h5>Produktdetails<\/h5>\n<table id=\"TABLE-1\" class=\"mmt-table mmt-table-custom selected\">\n<thead><\/thead>\n<tbody>\n<tr class=\"\">\n<td class=\"\">Herstellte<\/td>\n<td class=\"\">Utax<\/td>\n<\/tr>\n<tr class=\"\">\n<td class=\"\">Art:<\/td>\n<td class=\"\">Multifunktionsger\u00e4t farbig<\/td>\n<\/tr>\n<tr class=\"\">\n<td class=\"\">Ger\u00e4tetyp:<\/td>\n<td class=\"\">Standger\u00e4t<\/td>\n<\/tr>\n<tr class=\"\">\n<td class=\"\">Funktionen:<\/td>\n<td class=\"\">Kopieren, Drucken, Scannen<\/td>\n<\/tr>\n<tr class=\"\">\n<td class=\"\">Druckertechnologie:<\/td>\n<td class=\"\">Laser Farbe und S\/W<\/td>\n<\/tr>\n<tr class=\"\">\n<td class=\"\">Scantechnologie:<\/td>\n<td class=\"\">Farbe und s\/w<\/td>\n<\/tr>\n<tr class=\"\">\n<td class=\"\">Kopierformat:<\/td>\n<td class=\"\">max. DIN A3<\/td>\n<\/tr>\n<tr class=\"\">\n<td class=\"\">Druckformat<\/td>\n<td class=\"\">DIN A6R-SRA3<\/td>\n<\/tr>\n<tr class=\"\">\n<td class=\"\">Scanformat<\/td>\n<td class=\"\">max. DIN A3<\/td>\n<\/tr>\n<tr class=\"\">\n<td class=\"\">Kopier-\/Druckgeschwindigkeit: max. 50 DIN-A4-Seiten\/Min. und max. 25<\/td>\n<td class=\"\">ROW-11<\/td>\n<\/tr>\n<tr class=\"\">\n<td class=\"\">Kopier-\/Druckgeschwindigkeit:<\/td>\n<td class=\"\">max. 50 DIN-A4-Seiten\/Min. und max. 25 DIN-A3-Seiten\/Min. in Farbe und s\/w<\/td>\n<\/tr>\n<tr class=\"\">\n<td class=\"\">Scangeschwindigkeit:<\/td>\n<td class=\"\">max. 120 (Simplex) oder 220 (Duplex) DIN-A4- Originale\/Min. in Farbe und s\/w mit DP-7130 (300 dpi)<\/td>\n<\/tr>\n<tr class=\"\">\n<td class=\"\">Kopieraufl\u00f6sung:<\/td>\n<td class=\"\">600 x 600 dpi<\/td>\n<\/tr>\n<tr class=\"\">\n<td class=\"\">Druckaufl\u00f6sung:<\/td>\n<td class=\"\">600 x 600 dpi, max. 1.200 x 1.200 dpi<\/td>\n<\/tr>\n<tr class=\"\">\n<td class=\"\">Scanaufl\u00f6sung:<\/td>\n<td class=\"\">200 dpi, 300 dpi, 400 dpi, 600 dpi<\/td>\n<\/tr>\n<tr class=\"\">\n<td class=\"\">Schnittstellen:<\/td>\n<td class=\"\">USB 3.0, USB 2.0, 10\/100\/1000BaseTX<\/td>\n<\/tr>\n<tr class=\"\">\n<td class=\"\">Gewicht:<\/td>\n<td class=\"\">ca. 90 kg<\/td>\n<\/tr>\n<\/tbody>\n<\/table>\n<\/div>\n","protected":false},"excerpt":{"rendered":"<p><a class=\"button\" href=\"https:\/\/flori-kopiersysteme.de\/wp-content\/uploads\/2024\/09\/DE_DB_2507ci_3207ci_UT_Rev_2-1.pdf\">Download Produktbrosch\u00fcre<\/a><\/p>\n","protected":false},"featured_media":3987,"template":"","meta":[],"product_cat":[103,101],"product_tag":[],"class_list":{"0":"post-3835","1":"product","2":"type-product","3":"status-publish","4":"has-post-thumbnail","6":"product_cat-farbkopierer","7":"product_cat-standgerat","8":"product_shipping_class-europe","10":"first","11":"instock","12":"taxable","13":"shipping-taxable","14":"purchasable","15":"product-type-simple"},"_links":{"self":[{"href":"https:\/\/flori-kopiersysteme.de\/index.php?rest_route=\/wp\/v2\/product\/3835"}],"collection":[{"href":"https:\/\/flori-kopiersysteme.de\/index.php?rest_route=\/wp\/v2\/product"}],"about":[{"href":"https:\/\/flori-kopiersysteme.de\/index.php?rest_route=\/wp\/v2\/types\/product"}],"version-history":[{"count":50,"href":"https:\/\/flori-kopiersysteme.de\/index.php?rest_route=\/wp\/v2\/product\/3835\/revisions"}],"predecessor-version":[{"id":4189,"href":"https:\/\/flori-kopiersysteme.de\/index.php?rest_route=\/wp\/v2\/product\/3835\/revisions\/4189"}],"wp:featuredmedia":[{"embeddable":true,"href":"https:\/\/flori-kopiersysteme.de\/index.php?rest_route=\/wp\/v2\/media\/3987"}],"wp:attachment":[{"href":"https:\/\/flori-kopiersysteme.de\/index.php?rest_route=%2Fwp%2Fv2%2Fmedia&parent=3835"}],"wp:term":[{"taxonomy":"product_cat","embeddable":true,"href":"https:\/\/flori-kopiersysteme.de\/index.php?rest_route=%2Fwp%2Fv2%2Fproduct_cat&post=3835"},{"taxonomy":"product_tag","embeddable":true,"href":"https:\/\/flori-kopiersysteme.de\/index.php?rest_route=%2Fwp%2Fv2%2Fproduct_tag&post=3835"}],"curies":[{"name":"wp","href":"https:\/\/api.w.org\/{rel}","templated":true}]}}