{"id":4120,"date":"2024-09-16T09:14:02","date_gmt":"2024-09-16T09:14:02","guid":{"rendered":"https:\/\/flori-kopiersysteme.de\/?post_type=product&#038;p=4120"},"modified":"2024-09-18T08:37:10","modified_gmt":"2024-09-18T08:37:10","slug":"utax-3262i","status":"publish","type":"product","link":"https:\/\/flori-kopiersysteme.de\/?product=utax-3262i","title":{"rendered":"UTAX 3262i"},"content":{"rendered":"<div class=\"mmt-custom-content col-sm-12 mmt-table-custom-parent col-lg-12\">\n<p>Das DIN-A3-Schwarzwei\u00df-Multifunktionssystem 3262i liefert mit einer Ausgabegeschwindigkeit von 32 Seiten pro Minute beeindruckende Leistung und sorgt f\u00fcr h\u00f6chste Effizienz in Ihrem B\u00fcro. Mit einer Druckaufl\u00f6sung von 1.200 x 1.200 dpi erzeugt es qualitativ hochwertige Ausdrucke, die selbst feinste Details scharf und klar wiedergeben.<\/p>\n<p>Das gro\u00dfe 22,86 cm (9 Zoll) Farb-Touch-Display bietet eine intuitive Bedienung und l\u00e4sst sich individuell anpassen. Bis zu 58 Funktionssymbole k\u00f6nnen hier angelegt werden, sodass Sie per Knopfdruck direkt in den Kopier- oder Sendemodus wechseln k\u00f6nnen. Au\u00dferdem erm\u00f6glicht das Display einen schnelleren Zugriff auf gespeicherte Druckdaten in den Anwender- und Auftragsboxen.<\/p>\n<p>Erleben Sie, wie das DIN-A3-Schwarzwei\u00df-Multifunktionssystem 3262i Ihren Arbeitsalltag durch seine Geschwindigkeit, Benutzerfreundlichkeit und hohe Druckqualit\u00e4t auf die \u00dcberholspur bringt.<\/p>\n<h5>Produktdetails<\/h5>\n<table>\n<tbody>\n<tr>\n<td width=\"302\"><strong>Hersteller:<\/strong><\/td>\n<td width=\"302\">UTAX<\/td>\n<\/tr>\n<tr>\n<td width=\"302\"><strong>Art:<\/strong><\/td>\n<td width=\"302\">Multifunktionsger\u00e4t<\/td>\n<\/tr>\n<tr>\n<td width=\"302\"><strong>Ger\u00e4tetyp:<\/strong><\/td>\n<td width=\"302\">Standger\u00e4t<\/td>\n<\/tr>\n<tr>\n<td width=\"302\"><strong>Funktionen:<\/strong><\/td>\n<td width=\"302\">Kopieren, Drucken, Scannen<\/td>\n<\/tr>\n<tr>\n<td width=\"302\"><strong>Druckertechnologie:<\/strong><\/td>\n<td width=\"302\">Laser S\/W<\/td>\n<\/tr>\n<tr>\n<td width=\"302\"><strong>Scantechnologie:<\/strong><\/td>\n<td width=\"302\">Farbe und s\/w<\/td>\n<\/tr>\n<tr>\n<td width=\"302\"><strong>Kopierformat:<\/strong><\/td>\n<td width=\"302\">max. DIN A3<\/td>\n<\/tr>\n<tr>\n<td width=\"302\"><strong>Druckformat<\/strong><\/td>\n<td width=\"302\">DIN A6R-DIN A3<\/td>\n<\/tr>\n<tr>\n<td width=\"302\"><strong>Scanformat<\/strong><\/td>\n<td width=\"302\">max. DIN A3<\/td>\n<\/tr>\n<tr>\n<td width=\"302\"><strong>Kopier-\/Druckgeschwindigkeit:<\/strong><\/td>\n<td width=\"302\">max. 32 DIN-A4-Seiten\/Min. und max. 17 DIN-A3-Seiten\/Min.<\/td>\n<\/tr>\n<tr>\n<td width=\"302\"><strong>Scangeschwindigkeit:<\/strong><\/td>\n<td width=\"302\">max. 80\/160 DIN-A4-Originale\/Min. (Simplex\/Duplex) in Farbe und s\/w mit DP-7110 (300 dpi)<\/td>\n<\/tr>\n<tr>\n<td width=\"302\"><strong>Kopieraufl\u00f6sung:<\/strong><\/td>\n<td width=\"302\">600 x 600 dpi<\/td>\n<\/tr>\n<tr>\n<td width=\"302\"><strong>Druckaufl\u00f6sung:<\/strong><\/td>\n<td width=\"302\">1.200 x 1.200 dpi, 9.600 x 600 dpi level<\/td>\n<\/tr>\n<tr>\n<td width=\"302\"><strong>Scanaufl\u00f6sung:<\/strong><\/td>\n<td width=\"302\">200 dpi, 300 dpi, 400 dpi, 600 dpi<\/td>\n<\/tr>\n<tr>\n<td width=\"302\"><strong>Schnittstellen:<\/strong><\/td>\n<td width=\"302\">USB 2.0, 10\/100\/1000BaseTX, USB-Host<\/td>\n<\/tr>\n<tr>\n<td width=\"302\"><strong>Abmessung:<\/strong><\/td>\n<td width=\"302\">683 x 594 x 696 mm (H x B x T)<\/td>\n<\/tr>\n<tr>\n<td width=\"302\"><strong>Gewicht:<\/strong><\/td>\n<td width=\"302\">ca. 59 kg<\/td>\n<\/tr>\n<\/tbody>\n<\/table>\n<p>&nbsp;<\/p>\n<\/div>\n","protected":false},"excerpt":{"rendered":"<p><a class=\"button\" href=\"https:\/\/flori-kopiersysteme.de\/wp-content\/uploads\/2024\/09\/UTAX-3262i.pdf\">Download Produktbrosch\u00fcre<\/a><\/p>\n","protected":false},"featured_media":4132,"template":"","meta":[],"product_cat":[74,101],"product_tag":[],"class_list":{"0":"post-4120","1":"product","2":"type-product","3":"status-publish","4":"has-post-thumbnail","6":"product_cat-kopierer-s-w","7":"product_cat-standgerat","8":"product_shipping_class-europe","10":"first","11":"instock","12":"taxable","13":"shipping-taxable","14":"purchasable","15":"product-type-simple"},"_links":{"self":[{"href":"https:\/\/flori-kopiersysteme.de\/index.php?rest_route=\/wp\/v2\/product\/4120"}],"collection":[{"href":"https:\/\/flori-kopiersysteme.de\/index.php?rest_route=\/wp\/v2\/product"}],"about":[{"href":"https:\/\/flori-kopiersysteme.de\/index.php?rest_route=\/wp\/v2\/types\/product"}],"version-history":[{"count":5,"href":"https:\/\/flori-kopiersysteme.de\/index.php?rest_route=\/wp\/v2\/product\/4120\/revisions"}],"predecessor-version":[{"id":4129,"href":"https:\/\/flori-kopiersysteme.de\/index.php?rest_route=\/wp\/v2\/product\/4120\/revisions\/4129"}],"wp:featuredmedia":[{"embeddable":true,"href":"https:\/\/flori-kopiersysteme.de\/index.php?rest_route=\/wp\/v2\/media\/4132"}],"wp:attachment":[{"href":"https:\/\/flori-kopiersysteme.de\/index.php?rest_route=%2Fwp%2Fv2%2Fmedia&parent=4120"}],"wp:term":[{"taxonomy":"product_cat","embeddable":true,"href":"https:\/\/flori-kopiersysteme.de\/index.php?rest_route=%2Fwp%2Fv2%2Fproduct_cat&post=4120"},{"taxonomy":"product_tag","embeddable":true,"href":"https:\/\/flori-kopiersysteme.de\/index.php?rest_route=%2Fwp%2Fv2%2Fproduct_tag&post=4120"}],"curies":[{"name":"wp","href":"https:\/\/api.w.org\/{rel}","templated":true}]}}