{"id":4151,"date":"2024-09-17T12:03:21","date_gmt":"2024-09-17T12:03:21","guid":{"rendered":"https:\/\/flori-kopiersysteme.de\/?post_type=product&#038;p=4151"},"modified":"2024-10-22T20:08:54","modified_gmt":"2024-10-22T20:08:54","slug":"utax-p-c4072dn","status":"publish","type":"product","link":"https:\/\/flori-kopiersysteme.de\/?product=utax-p-c4072dn","title":{"rendered":"UTAX P-C4072DN"},"content":{"rendered":"<div class=\"mmt-custom-content col-sm-12 mmt-table-custom-parent col-lg-12\">\n<p>Das Farbsystem bietet beeindruckende Druckgeschwindigkeiten von 40 DIN-A4-Seiten pro Minute, sodass Sie schnell und effizient arbeiten k\u00f6nnen. Mit einer hohen Druckqualit\u00e4t von 1.200 x 1.200 dpi erzielen Sie exzellente Druckergebnisse, die selbst anspruchsvollste Erwartungen erf\u00fcllen. Texte und feine Linien werden gestochen scharf wiedergegeben.<\/p>\n<p>In einer zunehmend mobilen Arbeitswelt m\u00fcssen Dokumente ortsunabh\u00e4ngig von verschiedenen Endger\u00e4ten aus erstellt werden k\u00f6nnen. Diese Druckerserie erm\u00f6glicht genau das, unabh\u00e4ngig davon, ob der Drucker gerade in Betrieb ist oder eine Pause macht. Dabei zeichnet sich das System durch einen besonders sparsamen Betrieb aus, was sich positiv auf Ihre Kostenbilanz auswirkt.<\/p>\n<p>Dank integrierter Energiesparfunktionen drucken Sie nicht nur schnell, sondern auch energieeffizient und umweltschonend. Erleben Sie, wie dieses Farbsystem Ihre Produktivit\u00e4t steigert und gleichzeitig Ihre Betriebskosten senkt.<\/p>\n<h5>Produktdetails<\/h5>\n<table>\n<tbody>\n<tr>\n<td width=\"302\"><strong>Hersteller:<\/strong><\/td>\n<td width=\"302\">UTAX<\/td>\n<\/tr>\n<tr>\n<td width=\"302\"><strong>Ger\u00e4tetyp:<\/strong><\/td>\n<td width=\"302\">Tischger\u00e4t<\/td>\n<\/tr>\n<tr>\n<td width=\"302\"><strong>Funktionen:<\/strong><\/td>\n<td width=\"302\">Drucken<\/td>\n<\/tr>\n<tr>\n<td width=\"302\"><strong>Druckertechnologie:<\/strong><\/td>\n<td width=\"302\">Laser Farbe und S\/W<\/td>\n<\/tr>\n<tr>\n<td width=\"302\"><strong>Druckformat<\/strong><\/td>\n<td width=\"302\">max. DIN A4<\/td>\n<\/tr>\n<tr>\n<td width=\"302\"><strong>Druckgeschwindigkeit:<\/strong><\/td>\n<td width=\"302\">max. 40 DIN-A4-Seiten\/Min. in Farbe und s\/w, Duplex: max. 36 DIN-A4-Seiten\/Min. in Farbe und s\/w<\/td>\n<\/tr>\n<tr>\n<td width=\"302\"><strong>Druckaufl\u00f6sung:<\/strong><\/td>\n<td width=\"302\">600 x 600 dpi, max. 1.200 x 1.200 dpi (reduzierte Geschwindigkeit)<\/td>\n<\/tr>\n<tr>\n<td width=\"302\"><strong>Schnittstellen:<\/strong><\/td>\n<td width=\"302\">USB 2.0, 10\/100\/1000BaseTX, USB-Host<\/td>\n<\/tr>\n<tr>\n<td width=\"302\"><strong>Abmessung:<\/strong><\/td>\n<td width=\"302\">469,5 x 390 x 532 mm (H x B x T)<\/td>\n<\/tr>\n<tr>\n<td width=\"302\"><strong>Gewicht:<\/strong><\/td>\n<td width=\"302\">ca. 31 kg<\/td>\n<\/tr>\n<\/tbody>\n<\/table>\n<\/div>\n","protected":false},"excerpt":{"rendered":"<div class=\"wsppc_div_block woocommerce_after_product_price\">\n<p><a class=\"button\" style=\"font-size: 14px; letter-spacing: 0px;\" href=\"https:\/\/flori-kopiersysteme.de\/wp-content\/uploads\/2024\/09\/DE_DB_P-C3062DN_P-C3562DN_P-C4072DN_UT_Rev_2.pdf\">Download Produktbrosch\u00fcre<\/a><\/p>\n<\/div>\n","protected":false},"featured_media":4201,"template":"","meta":[],"product_cat":[76,102],"product_tag":[],"class_list":{"0":"post-4151","1":"product","2":"type-product","3":"status-publish","4":"has-post-thumbnail","6":"product_cat-drucker","7":"product_cat-tischgerat","8":"product_shipping_class-europe","10":"first","11":"instock","12":"taxable","13":"shipping-taxable","14":"purchasable","15":"product-type-simple"},"_links":{"self":[{"href":"https:\/\/flori-kopiersysteme.de\/index.php?rest_route=\/wp\/v2\/product\/4151"}],"collection":[{"href":"https:\/\/flori-kopiersysteme.de\/index.php?rest_route=\/wp\/v2\/product"}],"about":[{"href":"https:\/\/flori-kopiersysteme.de\/index.php?rest_route=\/wp\/v2\/types\/product"}],"version-history":[{"count":3,"href":"https:\/\/flori-kopiersysteme.de\/index.php?rest_route=\/wp\/v2\/product\/4151\/revisions"}],"predecessor-version":[{"id":4288,"href":"https:\/\/flori-kopiersysteme.de\/index.php?rest_route=\/wp\/v2\/product\/4151\/revisions\/4288"}],"wp:featuredmedia":[{"embeddable":true,"href":"https:\/\/flori-kopiersysteme.de\/index.php?rest_route=\/wp\/v2\/media\/4201"}],"wp:attachment":[{"href":"https:\/\/flori-kopiersysteme.de\/index.php?rest_route=%2Fwp%2Fv2%2Fmedia&parent=4151"}],"wp:term":[{"taxonomy":"product_cat","embeddable":true,"href":"https:\/\/flori-kopiersysteme.de\/index.php?rest_route=%2Fwp%2Fv2%2Fproduct_cat&post=4151"},{"taxonomy":"product_tag","embeddable":true,"href":"https:\/\/flori-kopiersysteme.de\/index.php?rest_route=%2Fwp%2Fv2%2Fproduct_tag&post=4151"}],"curies":[{"name":"wp","href":"https:\/\/api.w.org\/{rel}","templated":true}]}}