{"id":4159,"date":"2024-09-17T12:24:50","date_gmt":"2024-09-17T12:24:50","guid":{"rendered":"https:\/\/flori-kopiersysteme.de\/?post_type=product&#038;p=4159"},"modified":"2024-09-18T12:55:32","modified_gmt":"2024-09-18T12:55:32","slug":"utax-4007ci","status":"publish","type":"product","link":"https:\/\/flori-kopiersysteme.de\/?product=utax-4007ci","title":{"rendered":"UTAX 4007ci"},"content":{"rendered":"<div class=\"mmt-custom-content col-sm-12 mmt-table-custom-parent col-lg-12\">\n<p>Erleben Sie unvergleichliche Effizienz und Pr\u00e4zision mit de Multifunktionssystem UTAX 4007ci. Ob Kopieren, Drucken oder Scannen \u2013 die Vorbereitung war noch nie so einfach. Mit einer beeindruckenden Druckaufl\u00f6sung von bis zu 1.200 x 1.200 dpi erhalten Sie gestochen scharfe Ausdrucke, die selbst feinste Details wiedergeben.<\/p>\n<p>Das 10,1 Zoll (25,6 cm) gro\u00dfe Farb-Touch-Display mit reduzierten Tasten bietet eine \u00fcbersichtliche und intuitive Bedienung, sodass Sie Ihre Aufgaben m\u00fchelos und schnell erledigen k\u00f6nnen. Arbeiten Sie mit h\u00f6chster Produktivit\u00e4t: Originale lassen sich mit bis zu 220 Bildseiten pro Minute bei 300 dpi in Farbe und Schwarzwei\u00df einscannen und digitalisieren.<\/p>\n<p>Das Multifunktionssystem UTAX 4007ci verarbeitet eine breite Palette von Papierformaten, von DIN A6R bis SRA3, und Papiergrammaturen von 52 bis 300 g\/m\u00b2 direkt aus der Papierkassette. So bleiben Sie flexibel und k\u00f6nnen sich auf ein Ger\u00e4t verlassen, das sich Ihren Anforderungen perfekt anpasst.<\/p>\n<p>Erleben Sie, wie einfach und effizient meisterhaftes Arbeiten sein kann.<\/p>\n<h5>Produktdetails<\/h5>\n<table>\n<tbody>\n<tr>\n<td width=\"302\"><strong>Hersteller:<\/strong><\/td>\n<td width=\"302\">UTAX<\/td>\n<\/tr>\n<tr>\n<td width=\"302\"><strong>Art:<\/strong><\/td>\n<td width=\"302\">Multifunktionsger\u00e4t farbig<\/td>\n<\/tr>\n<tr>\n<td width=\"302\"><strong>Ger\u00e4tetyp:<\/strong><\/td>\n<td width=\"302\">Standger\u00e4t<\/td>\n<\/tr>\n<tr>\n<td width=\"302\"><strong>Funktionen:<\/strong><\/td>\n<td width=\"302\">Kopieren, Drucken, Scannen<\/td>\n<\/tr>\n<tr>\n<td width=\"302\"><strong>Druckertechnologie:<\/strong><\/td>\n<td width=\"302\">Laser Farbe und S\/W<\/td>\n<\/tr>\n<tr>\n<td width=\"302\"><strong>Scantechnologie:<\/strong><\/td>\n<td width=\"302\">Farbe und s\/w<\/td>\n<\/tr>\n<tr>\n<td width=\"302\"><strong>Kopierformat:<\/strong><\/td>\n<td width=\"302\">max. DIN A3<\/td>\n<\/tr>\n<tr>\n<td width=\"302\"><strong>Druckformat<\/strong><\/td>\n<td width=\"302\">DIN A6R-SRA3<\/td>\n<\/tr>\n<tr>\n<td width=\"302\"><strong>Scanformat<\/strong><\/td>\n<td width=\"302\">max. DIN A3<\/td>\n<\/tr>\n<tr>\n<td width=\"302\"><strong>Kopier-\/Druckgeschwindigkeit:<\/strong><\/td>\n<td width=\"302\">max. 40 DIN-A4-Seiten\/Min. und max. 20 DIN-A3-Seiten\/Min. in Farbe und s\/w<\/td>\n<\/tr>\n<tr>\n<td width=\"302\"><strong>Scangeschwindigkeit:<\/strong><\/td>\n<td width=\"302\">max. 120 (Simplex) oder 220 (Duplex) DIN-A4-Originale\/Min. in Farbe und s\/w mit DP-7130 (300 dpi)<\/td>\n<\/tr>\n<tr>\n<td width=\"302\"><strong>Kopieraufl\u00f6sung:<\/strong><\/td>\n<td width=\"302\">600 x 600 dpi<\/td>\n<\/tr>\n<tr>\n<td width=\"302\"><strong>Druckaufl\u00f6sung:<\/strong><\/td>\n<td width=\"302\">600 x 600 dpi, max. 1.200 x 1.200 dpi<\/td>\n<\/tr>\n<tr>\n<td width=\"302\"><strong>Scanaufl\u00f6sung:<\/strong><\/td>\n<td width=\"302\">200 dpi, 300 dpi, 400 dpi, 600 dpi<\/td>\n<\/tr>\n<tr>\n<td width=\"302\"><strong>Schnittstellen:<\/strong><\/td>\n<td width=\"302\">USB 3.0, USB 2.0, 10\/100\/1000BaseTX<\/td>\n<\/tr>\n<tr>\n<td width=\"302\"><strong>Abmessung:<\/strong><\/td>\n<td width=\"302\">790 x 602 x 665 mm (H x B x T)<\/td>\n<\/tr>\n<tr>\n<td width=\"302\"><strong>Gewicht:<\/strong><\/td>\n<td width=\"302\">ca. 95 kg<\/td>\n<\/tr>\n<\/tbody>\n<\/table>\n<\/div>\n","protected":false},"excerpt":{"rendered":"<p><a class=\"button\" href=\"https:\/\/flori-kopiersysteme.de\/wp-content\/uploads\/2024\/09\/DE_DB_4007ci_5007ci_6007ci_UT_Rev_2.pdf\">Download Produktbrosch\u00fcre<\/a><\/p>\n","protected":false},"featured_media":4193,"template":"","meta":[],"product_cat":[103,101],"product_tag":[],"class_list":{"0":"post-4159","1":"product","2":"type-product","3":"status-publish","4":"has-post-thumbnail","6":"product_cat-farbkopierer","7":"product_cat-standgerat","8":"product_shipping_class-europe","10":"first","11":"instock","12":"taxable","13":"shipping-taxable","14":"purchasable","15":"product-type-simple"},"_links":{"self":[{"href":"https:\/\/flori-kopiersysteme.de\/index.php?rest_route=\/wp\/v2\/product\/4159"}],"collection":[{"href":"https:\/\/flori-kopiersysteme.de\/index.php?rest_route=\/wp\/v2\/product"}],"about":[{"href":"https:\/\/flori-kopiersysteme.de\/index.php?rest_route=\/wp\/v2\/types\/product"}],"version-history":[{"count":1,"href":"https:\/\/flori-kopiersysteme.de\/index.php?rest_route=\/wp\/v2\/product\/4159\/revisions"}],"predecessor-version":[{"id":4166,"href":"https:\/\/flori-kopiersysteme.de\/index.php?rest_route=\/wp\/v2\/product\/4159\/revisions\/4166"}],"wp:featuredmedia":[{"embeddable":true,"href":"https:\/\/flori-kopiersysteme.de\/index.php?rest_route=\/wp\/v2\/media\/4193"}],"wp:attachment":[{"href":"https:\/\/flori-kopiersysteme.de\/index.php?rest_route=%2Fwp%2Fv2%2Fmedia&parent=4159"}],"wp:term":[{"taxonomy":"product_cat","embeddable":true,"href":"https:\/\/flori-kopiersysteme.de\/index.php?rest_route=%2Fwp%2Fv2%2Fproduct_cat&post=4159"},{"taxonomy":"product_tag","embeddable":true,"href":"https:\/\/flori-kopiersysteme.de\/index.php?rest_route=%2Fwp%2Fv2%2Fproduct_tag&post=4159"}],"curies":[{"name":"wp","href":"https:\/\/api.w.org\/{rel}","templated":true}]}}