{"id":4160,"date":"2024-09-17T12:24:52","date_gmt":"2024-09-17T12:24:52","guid":{"rendered":"https:\/\/flori-kopiersysteme.de\/?post_type=product&#038;p=4160"},"modified":"2024-09-18T12:57:42","modified_gmt":"2024-09-18T12:57:42","slug":"utax-3508ci","status":"publish","type":"product","link":"https:\/\/flori-kopiersysteme.de\/?product=utax-3508ci","title":{"rendered":"UTAX 3508ci"},"content":{"rendered":"<div class=\"mmt-custom-content col-sm-12 mmt-table-custom-parent col-lg-12\">\n<p>Im modernen Gesch\u00e4ftsalltag, der immer dynamischer und mobiler wird, sind Smartphones, Tablets und Cloud-Services l\u00e4ngst unverzichtbar. Hier kommt das innovative DIN-A3-Farb-Multifunktionssystem 3508ci ins Spiel, das mit einer beeindruckenden Geschwindigkeit von 35 DIN A4-Seiten pro Minute in Farbe und Schwarzwei\u00df druckt. Ob Sie Dokumente oder Fotos direkt von Ihrem Mobilger\u00e4t drucken oder diese vom Multifunktionssystem auf Ihr Mobilger\u00e4t scannen und speichern m\u00f6chten \u2013 mit dem 3508ci sind Ihnen kaum Grenzen gesetzt.<\/p>\n<p>Das Ger\u00e4t verarbeitet unterschiedlichste Papiergrammaturen (von 52 bis 300 g\/m\u00b2) sowie Formate (von DIN A6R bis SRA3) und l\u00e4sst sich individuell an Ihre spezifischen Prozesse und W\u00fcnsche anpassen. Dabei legen wir besonderen Wert auf Barrierefreiheit: Das neigbare Touchpanel mit intuitiver Men\u00fcf\u00fchrung erleichtert die Bedienung und sorgt daf\u00fcr, dass das System f\u00fcr alle Benutzer zug\u00e4nglich ist. Verschiedene Signalt\u00f6ne informieren Sie zus\u00e4tzlich \u00fcber den aktuellen Status und helfen bei der Orientierung am Ger\u00e4t.<\/p>\n<p>Erleben Sie, wie das DIN-A3-Farb-Multifunktionssystem 3508ci Ihren Arbeitsalltag vereinfacht und optimiert.<\/p>\n<h5>Produktdetails<\/h5>\n<table>\n<tbody>\n<tr>\n<td width=\"302\"><strong>Hersteller:<\/strong><\/td>\n<td width=\"302\">UTAX<\/td>\n<\/tr>\n<tr>\n<td width=\"302\"><strong>Art:<\/strong><\/td>\n<td width=\"302\">Multifunktionsger\u00e4t farbig<\/td>\n<\/tr>\n<tr>\n<td width=\"302\"><strong>Ger\u00e4tetyp:<\/strong><\/td>\n<td width=\"302\">Standger\u00e4t<\/td>\n<\/tr>\n<tr>\n<td width=\"302\"><strong>Funktionen:<\/strong><\/td>\n<td width=\"302\">Kopieren, Drucken, Scannen<\/td>\n<\/tr>\n<tr>\n<td width=\"302\"><strong>Druckertechnologie:<\/strong><\/td>\n<td width=\"302\">Laser Farbe und S\/W<\/td>\n<\/tr>\n<tr>\n<td width=\"302\"><strong>Scantechnologie:<\/strong><\/td>\n<td width=\"302\">Farbe und s\/w<\/td>\n<\/tr>\n<tr>\n<td width=\"302\"><strong>Kopierformat:<\/strong><\/td>\n<td width=\"302\">max. DIN A3<\/td>\n<\/tr>\n<tr>\n<td width=\"302\"><strong>Druckformat<\/strong><\/td>\n<td width=\"302\">DIN A6R-SRA3<\/td>\n<\/tr>\n<tr>\n<td width=\"302\"><strong>Scanformat<\/strong><\/td>\n<td width=\"302\">max. DIN A3<\/td>\n<\/tr>\n<tr>\n<td width=\"302\"><strong>Kopier-\/Druckgeschwindigkeit:<\/strong><\/td>\n<td width=\"302\">Max. 35 DIN-A4-Seiten\/min und max. 17 DIN-A3-Seiten\/Min. in Farbe und s\/w<\/td>\n<\/tr>\n<tr>\n<td width=\"302\"><strong>Scangeschwindigkeit:<\/strong><\/td>\n<td width=\"302\">max. 100\/200 DIN-A4-Originale\/Min. (Simplex\/Duplex) in Farbe und s\/w mit DP-7170 (300 dpi)<\/td>\n<\/tr>\n<tr>\n<td width=\"302\"><strong>Kopieraufl\u00f6sung:<\/strong><\/td>\n<td width=\"302\">600 x 600 dpi<\/td>\n<\/tr>\n<tr>\n<td width=\"302\"><strong>Druckaufl\u00f6sung:<\/strong><\/td>\n<td width=\"302\">600 x 600 dpi, max. 1.200 x 1.200 dpi<\/td>\n<\/tr>\n<tr>\n<td width=\"302\"><strong>Scanaufl\u00f6sung:<\/strong><\/td>\n<td width=\"302\">200 dpi, 300 dpi, 400 dpi, 600 dpi<\/td>\n<\/tr>\n<tr>\n<td width=\"302\"><strong>Schnittstellen:<\/strong><\/td>\n<td width=\"302\">USB 3.0, USB-Host(4), Gigabit-Ethernet (10\/100\/1000BaseTX)<\/td>\n<\/tr>\n<tr>\n<td width=\"302\"><strong>Abmessung:<\/strong><\/td>\n<td width=\"302\">790 x 602 x 665 mm (H x B x T)<\/td>\n<\/tr>\n<tr>\n<td width=\"302\"><strong>Gewicht:<\/strong><\/td>\n<td width=\"302\">ca. 90 kg<\/td>\n<\/tr>\n<\/tbody>\n<\/table>\n<\/div>\n","protected":false},"excerpt":{"rendered":"<p><a class=\"button\" href=\"https:\/\/flori-kopiersysteme.de\/wp-content\/uploads\/2024\/09\/DE_DB_2508ci_3508ci_UT.pdf\">Download Produktbrosch\u00fcre<\/a><\/p>\n","protected":false},"featured_media":4194,"template":"","meta":[],"product_cat":[103,101],"product_tag":[],"class_list":{"0":"post-4160","1":"product","2":"type-product","3":"status-publish","4":"has-post-thumbnail","6":"product_cat-farbkopierer","7":"product_cat-standgerat","8":"product_shipping_class-europe","10":"first","11":"instock","12":"taxable","13":"shipping-taxable","14":"purchasable","15":"product-type-simple"},"_links":{"self":[{"href":"https:\/\/flori-kopiersysteme.de\/index.php?rest_route=\/wp\/v2\/product\/4160"}],"collection":[{"href":"https:\/\/flori-kopiersysteme.de\/index.php?rest_route=\/wp\/v2\/product"}],"about":[{"href":"https:\/\/flori-kopiersysteme.de\/index.php?rest_route=\/wp\/v2\/types\/product"}],"version-history":[{"count":1,"href":"https:\/\/flori-kopiersysteme.de\/index.php?rest_route=\/wp\/v2\/product\/4160\/revisions"}],"predecessor-version":[{"id":4163,"href":"https:\/\/flori-kopiersysteme.de\/index.php?rest_route=\/wp\/v2\/product\/4160\/revisions\/4163"}],"wp:featuredmedia":[{"embeddable":true,"href":"https:\/\/flori-kopiersysteme.de\/index.php?rest_route=\/wp\/v2\/media\/4194"}],"wp:attachment":[{"href":"https:\/\/flori-kopiersysteme.de\/index.php?rest_route=%2Fwp%2Fv2%2Fmedia&parent=4160"}],"wp:term":[{"taxonomy":"product_cat","embeddable":true,"href":"https:\/\/flori-kopiersysteme.de\/index.php?rest_route=%2Fwp%2Fv2%2Fproduct_cat&post=4160"},{"taxonomy":"product_tag","embeddable":true,"href":"https:\/\/flori-kopiersysteme.de\/index.php?rest_route=%2Fwp%2Fv2%2Fproduct_tag&post=4160"}],"curies":[{"name":"wp","href":"https:\/\/api.w.org\/{rel}","templated":true}]}}